{"id":44,"date":"2013-12-12T14:50:52","date_gmt":"2013-12-12T13:50:52","guid":{"rendered":"http:\/\/testnetz.ch\/wpress\/?page_id=21"},"modified":"2014-03-26T11:17:41","modified_gmt":"2014-03-26T10:17:41","slug":"bewertung","status":"publish","type":"page","link":"https:\/\/hohns.ch\/web\/bewertung\/","title":{"rendered":"Bewertung"},"content":{"rendered":"\t<div class=\"vc_row wpb_row vc_row-fluid\"  >\n\t<div class=\"vc_col-sm-8 wpb_column vc_column_container \">\n\t\t<div class=\"wpb_wrapper\">\n\t\t\t\n\t<div class=\"wpb_text_column wpb_content_element  naeher\">\n\t\t<div class=\"wpb_wrapper\">\n\t\t\t<h3>Verkehrswertsch\u00e4tzung von:<\/h3>\n<ul>\n<li>Ein- und Mehrfamilienh\u00e4usern<br \/>\nDetaillierte Bewertungen unter Ber\u00fccksichtigung von Lage, Geb\u00e4ude- und Ausbaustandard sowie Marktsituation.<\/li>\n<li>Stockwerkeigentum<br \/>\nDetaillierte Einzelbewertung von Stockwerkeigentum unter Ber\u00fccksichtigung von Lage, Geb\u00e4udezustand, Komfort, Ausbau und Einrichtung.<\/li>\n<li>B\u00fcroliegenschaften<br \/>\nDetaillierte Bewertungen unter Ber\u00fccksichtigung von Lage, Geb\u00e4udezustand und Marktsituation.<\/li>\n<\/ul>\n<h3>Mietwertsch\u00e4tzung<\/h3>\n<p>Berechnung des aktuellen Mietwertes bzw. der Potentiale aufgrund von Lage, Zustand, Komfort, Ausbau, Einrichtung von Wohnungen und Gewerber\u00e4umlichkeiten.<\/p>\n<h3>Projektanalysen<\/h3>\n<p>Bewertungen nach Mass mit Zusatzauswertungen nach Wunsch, z.B. Entwicklungsszenarien, Chancen-\/Risiken-Analysen, etc.<\/p>\n<h3>Expertisen<\/h3>\n<p>Bauliche Zustandsbeurteilungen und Abkl\u00e4rungen rund um Ihre Immobilie.<\/p>\n\n\t\t<\/div> \n\t<\/div> \n\t\t<\/div> \n\t<\/div> \n\n\t<div class=\"vc_col-sm-4 wpb_column vc_column_container \">\n\t\t<div class=\"wpb_wrapper\">\n\t\t\t\n\t<div class=\"wpb_text_column wpb_content_element \">\n\t\t<div class=\"wpb_wrapper\">\n\t\t\t<p><img loading=\"lazy\" decoding=\"async\" class=\"aligncenter size-full wp-image-222\" alt=\"seite5\" src=\"http:\/\/hohns.ch\/web\/wp-content\/uploads\/2014\/03\/seite5.jpg\" width=\"365\" height=\"487\" srcset=\"https:\/\/hohns.ch\/web\/wp-content\/uploads\/2014\/03\/seite5.jpg 365w, https:\/\/hohns.ch\/web\/wp-content\/uploads\/2014\/03\/seite5-224x300.jpg 224w, https:\/\/hohns.ch\/web\/wp-content\/uploads\/2014\/03\/seite5-100x133.jpg 100w, https:\/\/hohns.ch\/web\/wp-content\/uploads\/2014\/03\/seite5-150x200.jpg 150w, https:\/\/hohns.ch\/web\/wp-content\/uploads\/2014\/03\/seite5-200x266.jpg 200w, https:\/\/hohns.ch\/web\/wp-content\/uploads\/2014\/03\/seite5-300x400.jpg 300w\" sizes=\"(max-width: 365px) 100vw, 365px\" \/><\/p>\n\n\t\t<\/div> \n\t<\/div> \n\t\t<\/div> \n\t<\/div> \n<\/div>\n","protected":false},"excerpt":{"rendered":"Verkehrswertsch\u00e4tzung von: Ein- und Mehrfamilienh\u00e4usern Detaillierte Bewertungen unter Ber\u00fccksichtigung von Lage, Geb\u00e4ude- und Ausbaustandard sowie Marktsituation. Stockwerkeigentum Detaillierte Einzelbewertung von Stockwerkeigentum unter Ber\u00fccksichtigung von Lage, Geb\u00e4udezustand, Komfort, Ausbau und Einrichtung. B\u00fcroliegenschaften Detaillierte Bewertungen unter Ber\u00fccksichtigung von Lage, Geb\u00e4udezustand und Marktsituation.<span class=\"ellipsis\">&hellip;<\/span><div class=\"read-more\"><a href=\"https:\/\/hohns.ch\/web\/bewertung\/\">Weiterlesen \u203a<\/a><\/div><!-- end of .read-more -->","protected":false},"author":1,"featured_media":0,"parent":0,"menu_order":0,"comment_status":"open","ping_status":"open","template":"","meta":{"footnotes":""},"_links":{"self":[{"href":"https:\/\/hohns.ch\/web\/wp-json\/wp\/v2\/pages\/44"}],"collection":[{"href":"https:\/\/hohns.ch\/web\/wp-json\/wp\/v2\/pages"}],"about":[{"href":"https:\/\/hohns.ch\/web\/wp-json\/wp\/v2\/types\/page"}],"author":[{"embeddable":true,"href":"https:\/\/hohns.ch\/web\/wp-json\/wp\/v2\/users\/1"}],"replies":[{"embeddable":true,"href":"https:\/\/hohns.ch\/web\/wp-json\/wp\/v2\/comments?post=44"}],"version-history":[{"count":4,"href":"https:\/\/hohns.ch\/web\/wp-json\/wp\/v2\/pages\/44\/revisions"}],"predecessor-version":[{"id":223,"href":"https:\/\/hohns.ch\/web\/wp-json\/wp\/v2\/pages\/44\/revisions\/223"}],"wp:attachment":[{"href":"https:\/\/hohns.ch\/web\/wp-json\/wp\/v2\/media?parent=44"}],"curies":[{"name":"wp","href":"https:\/\/api.w.org\/{rel}","templated":true}]}}