{"id":13,"date":"2013-12-12T14:42:40","date_gmt":"2013-12-12T13:42:40","guid":{"rendered":"http:\/\/testnetz.ch\/wpress\/?page_id=13"},"modified":"2014-03-26T11:22:25","modified_gmt":"2014-03-26T10:22:25","slug":"bauherrenvertretung","status":"publish","type":"page","link":"https:\/\/hohns.ch\/web\/bauherrenvertretung\/","title":{"rendered":"Bauherrenvertretung"},"content":{"rendered":"<div class=\"vc_row wpb_row vc_row-fluid\"  >\n\t<div class=\"vc_col-sm-8 wpb_column vc_column_container \">\n\t\t<div class=\"wpb_wrapper\">\n\t\t\t\n\t<div class=\"wpb_text_column wpb_content_element \">\n\t\t<div class=\"wpb_wrapper\">\n\t\t\t<p>Da die Anforderungen an komplexe Projekte sehr umfangreich sind, bietet sich ein Bindeglied zwischen der Bauherrschaft und dem ausf\u00fchrenden Organ f\u00fcr das geplante Bauvorhaben an. Eine unabh\u00e4ngige Bauherrenvertretung kann f\u00fcr private Bauherren, wie auch institutionelle Anleger von grossem Interesse und Nutzen sein.<br \/>\nSie beinhaltet die \u00dcberwachung aller Phasen eines Bauvorhabens bis hin zur Bewirtschaftung und Erhaltung des Geb\u00e4udes. Die Umsetzung einer Bauherrenvertretung vermittelt Kompetenz bei den Planern und entlastet die Bauherrschaft.<br \/>\nDiese T\u00e4tigkeit erfordert hohe Fachkompetenz, Verhandlungsgeschick, Durchsetzungsverm\u00f6gen und volle Loyalit\u00e4t gegen\u00fcber dem Auftraggeber.<\/p>\n\n\t\t<\/div> \n\t<\/div> \n\t\t<\/div> \n\t<\/div> \n\n\t<div class=\"vc_col-sm-4 wpb_column vc_column_container \">\n\t\t<div class=\"wpb_wrapper\">\n\t\t\t\n\t<div class=\"wpb_text_column wpb_content_element \">\n\t\t<div class=\"wpb_wrapper\">\n\t\t\t<p><img loading=\"lazy\" decoding=\"async\" class=\"aligncenter size-full wp-image-218\" alt=\"seite2oben\" src=\"http:\/\/hohns.ch\/web\/wp-content\/uploads\/2014\/03\/seite2oben.jpg\" width=\"365\" height=\"243\" srcset=\"https:\/\/hohns.ch\/web\/wp-content\/uploads\/2014\/03\/seite2oben.jpg 365w, https:\/\/hohns.ch\/web\/wp-content\/uploads\/2014\/03\/seite2oben-300x199.jpg 300w, https:\/\/hohns.ch\/web\/wp-content\/uploads\/2014\/03\/seite2oben-100x66.jpg 100w, https:\/\/hohns.ch\/web\/wp-content\/uploads\/2014\/03\/seite2oben-150x99.jpg 150w, https:\/\/hohns.ch\/web\/wp-content\/uploads\/2014\/03\/seite2oben-200x133.jpg 200w\" sizes=\"(max-width: 365px) 100vw, 365px\" \/><\/p>\n\n\t\t<\/div> \n\t<\/div> \n\t\t<\/div> \n\t<\/div> \n<\/div>\t<div class=\"vc_row wpb_row vc_row-fluid\"   style=\"color:#ffffff;\">\n\t<div class=\"vc_col-sm-4 wpb_column vc_column_container \">\n\t\t<div class=\"wpb_wrapper\">\n\t\t\t\n\t<div class=\"wpb_text_column wpb_content_element \">\n\t\t<div class=\"wpb_wrapper\">\n\t\t\t<p><img loading=\"lazy\" decoding=\"async\" class=\"aligncenter size-full wp-image-219\" alt=\"seite2unten\" src=\"http:\/\/hohns.ch\/web\/wp-content\/uploads\/2014\/03\/seite2unten.jpg\" width=\"365\" height=\"243\" srcset=\"https:\/\/hohns.ch\/web\/wp-content\/uploads\/2014\/03\/seite2unten.jpg 365w, https:\/\/hohns.ch\/web\/wp-content\/uploads\/2014\/03\/seite2unten-300x199.jpg 300w, https:\/\/hohns.ch\/web\/wp-content\/uploads\/2014\/03\/seite2unten-100x66.jpg 100w, https:\/\/hohns.ch\/web\/wp-content\/uploads\/2014\/03\/seite2unten-150x99.jpg 150w, https:\/\/hohns.ch\/web\/wp-content\/uploads\/2014\/03\/seite2unten-200x133.jpg 200w\" sizes=\"(max-width: 365px) 100vw, 365px\" \/><\/p>\n\n\t\t<\/div> \n\t<\/div> \n\t\t<\/div> \n\t<\/div> \n\n\t<div class=\"vc_col-sm-8 wpb_column vc_column_container \">\n\t\t<div class=\"wpb_wrapper\">\n\t\t\t\n\t<div class=\"wpb_accordion wpb_content_element  not-column-inherit\" data-collapsible=\"no\" data-vc-disable-keydown=\"false\" data-active-tab=\"1\">\n\t\t<div class=\"wpb_wrapper wpb_accordion_wrapper ui-accordion\">\n\t\t\t\n\t\t\t<div class=\"wpb_accordion_section group\">\n\t\t\t\t<h3 class=\"wpb_accordion_header ui-accordion-header\"><a href=\"#was-ist-unter-dem-wort-bauherrenvertretung-zu-verstehen\">Was ist unter dem Wort \"Bauherrenvertretung\" zu verstehen?<\/a><\/h3>\n\t\t\t\t<div class=\"wpb_accordion_content ui-accordion-content vc_clearfix\">\n\t\t\t\t\n\t<div class=\"wpb_text_column wpb_content_element \">\n\t\t<div class=\"wpb_wrapper\">\n\t\t\t<ul>\n<li>Bauherrenvertretung bedeutet,\u00a0die Vertretung\u00a0einer\u00a0Bauherrschaft gegen\u00fcber Generalunternehmungen, Architekten, Planern, etc;<\/li>\n<li>Als Bauherrenvertreter bin ich f\u00fcr die Projektsteuerung verantwortlich;<\/li>\n<li>Als Bauherrenvertreter leite ich z. B. die Baukommission.<\/li>\n<\/ul>\n\n\t\t<\/div> \n\t<\/div> \n\t\t\t\t<\/div>\n\t\t\t<\/div> \n\n\t\t\t<div class=\"wpb_accordion_section group\">\n\t\t\t\t<h3 class=\"wpb_accordion_header ui-accordion-header\"><a href=\"#welche-aufgaben-uebernimmt-der-bauherrenvertreter-welchem-zweck-dient-sie\">Welche Aufgaben \u00fcbernimmt der Bauherrenvertreter, welchem Zweck dient sie?<\/a><\/h3>\n\t\t\t\t<div class=\"wpb_accordion_content ui-accordion-content vc_clearfix\">\n\t\t\t\t\n\t<div class=\"wpb_text_column wpb_content_element \">\n\t\t<div class=\"wpb_wrapper\">\n\t\t\t<ul>\n<li>Beratung in der Planungsphase und dem Baugesuchsverfahren;<\/li>\n<li>Optimierungsaufgaben in der Planungsphase;<\/li>\n<li>Pr\u00fcfung der Vertragsgrundlagen und Ausf\u00fchrungsbeschriebe;<\/li>\n<li>Kostenkontrolle;<\/li>\n<li>Termincontrolling;<\/li>\n<li>Qualit\u00e4tscontrolling;<\/li>\n<li>Bauausf\u00fchrungscontrolling;<\/li>\n<li>Abnahmen.<\/li>\n<\/ul>\n\n\t\t<\/div> \n\t<\/div> \n\t\t\t\t<\/div>\n\t\t\t<\/div> \n\n\t\t\t<div class=\"wpb_accordion_section group\">\n\t\t\t\t<h3 class=\"wpb_accordion_header ui-accordion-header\"><a href=\"#wer-braucht-eine-bauherrenvertretung\">Wer braucht eine Bauherrenvertretung?<\/a><\/h3>\n\t\t\t\t<div class=\"wpb_accordion_content ui-accordion-content vc_clearfix\">\n\t\t\t\t\n\t<div class=\"wpb_text_column wpb_content_element \">\n\t\t<div class=\"wpb_wrapper\">\n\t\t\t<ul>\n<li>Eine Bauherrenvertretung ist f\u00fcr Private geeignet, die das fachliche Know-how nicht haben, denen die Zeit f\u00fcr eine Projektsteuerung hinsichtlich Qualit\u00e4t, Kosten und Termine fehlt;<\/li>\n<li>Eine Bauherrenvertretung ist f\u00fcr Firmen geeignet, die kein eigenes Baufachorgan haben, das sich\u00a0voll f\u00fcr das\u00a0Bauprojekt frei machen kann;<\/li>\n<li>Die Bauherrenvertretung ist eine unabh\u00e4ngige Stelle, die im Auftrag des Bauherrn eine Treuhandfunktion \u00fcbernimmt.<\/li>\n<\/ul>\n\n\t\t<\/div> \n\t<\/div> \n\t\t\t\t<\/div>\n\t\t\t<\/div> \n\n\t\t\t<div class=\"wpb_accordion_section group\">\n\t\t\t\t<h3 class=\"wpb_accordion_header ui-accordion-header\"><a href=\"#welchen-nutzen-hat-eine-bauherrenvertretung-fuer-die-bauherrschaft\">Welchen Nutzen hat eine Bauherrenvertretung f\u00fcr die Bauherrschaft?<\/a><\/h3>\n\t\t\t\t<div class=\"wpb_accordion_content ui-accordion-content vc_clearfix\">\n\t\t\t\t\n\t<div class=\"wpb_text_column wpb_content_element \">\n\t\t<div class=\"wpb_wrapper\">\n\t\t\t<ul>\n<li>Sicherheit betreffend dem Einhalten der Kosten, der Termine und der Qualit\u00e4t verglichen mit den Vorgaben, dem Kostenvoranschlag, etc;<\/li>\n<li>Professionelle Projektsteuerung durch einen unabh\u00e4ngigen Baufachmann;<\/li>\n<li>Die von der Bauherrschaft beauftragten Architekten, Fachplaner, Generalunternehmer, etc. haben einen Fachmann als Gespr\u00e4chspartner.<\/li>\n<\/ul>\n\n\t\t<\/div> \n\t<\/div> \n\t\t\t\t<\/div>\n\t\t\t<\/div> \n\n\t\t<\/div> \n\t<\/div> \n\t\t<\/div> \n\t<\/div> \n<\/div>\n","protected":false},"excerpt":{"rendered":"Da die Anforderungen an komplexe Projekte sehr umfangreich sind, bietet sich ein Bindeglied zwischen der Bauherrschaft und dem ausf\u00fchrenden Organ f\u00fcr das geplante Bauvorhaben an. Eine unabh\u00e4ngige Bauherrenvertretung kann f\u00fcr private Bauherren, wie auch institutionelle Anleger von grossem Interesse und<span class=\"ellipsis\">&hellip;<\/span><div class=\"read-more\"><a href=\"https:\/\/hohns.ch\/web\/bauherrenvertretung\/\">Weiterlesen \u203a<\/a><\/div><!-- end of .read-more -->","protected":false},"author":1,"featured_media":0,"parent":0,"menu_order":0,"comment_status":"open","ping_status":"open","template":"","meta":{"footnotes":""},"_links":{"self":[{"href":"https:\/\/hohns.ch\/web\/wp-json\/wp\/v2\/pages\/13"}],"collection":[{"href":"https:\/\/hohns.ch\/web\/wp-json\/wp\/v2\/pages"}],"about":[{"href":"https:\/\/hohns.ch\/web\/wp-json\/wp\/v2\/types\/page"}],"author":[{"embeddable":true,"href":"https:\/\/hohns.ch\/web\/wp-json\/wp\/v2\/users\/1"}],"replies":[{"embeddable":true,"href":"https:\/\/hohns.ch\/web\/wp-json\/wp\/v2\/comments?post=13"}],"version-history":[{"count":10,"href":"https:\/\/hohns.ch\/web\/wp-json\/wp\/v2\/pages\/13\/revisions"}],"predecessor-version":[{"id":229,"href":"https:\/\/hohns.ch\/web\/wp-json\/wp\/v2\/pages\/13\/revisions\/229"}],"wp:attachment":[{"href":"https:\/\/hohns.ch\/web\/wp-json\/wp\/v2\/media?parent=13"}],"curies":[{"name":"wp","href":"https:\/\/api.w.org\/{rel}","templated":true}]}}